{"id":68,"date":"2020-04-09T20:15:12","date_gmt":"2020-04-09T20:15:12","guid":{"rendered":"http:\/\/xn--dunnkeil-3za.de\/?page_id=68"},"modified":"2024-04-06T23:41:43","modified_gmt":"2024-04-06T23:41:43","slug":"fuer-fans","status":"publish","type":"page","link":"https:\/\/xn--dunnkeil-3za.de\/?page_id=68","title":{"rendered":"F\u00fcr Fans"},"content":{"rendered":"\n<h2 class=\"wp-block-heading\"><strong>Unser Logo f\u00fcr Euch!<\/strong><\/h2>\n\n\n\n<p>Hier k\u00f6nnt Ihr unser Logo runterladen und es auf T-Shirts, Unterhosen, Klopapier, Schlafanz\u00fcge, R\u00fcckenaufn\u00e4her, Bettw\u00e4sche und was Euch sonst noch so einf\u00e4llt drucken oder sticken lassen.<\/p>\n\n\n\n<p>Zwei Bitten haben wir, wenn Ihr unser Logo verwendet, schlie\u00dflich steht dann ja unser Name drauf:<\/p>\n\n\n\n<ul class=\"wp-block-list\">\n<li>Versucht das erst mal nicht bei einem Online-Anbieter zum g\u00fcnstigsten Preis, sondern  unterst\u00fctzt bitte Eure lokalen Firmen, die sowas machen.  <\/li>\n\n\n\n<li>Verwendet m\u00f6glichst gebrauchte Sachen, \u00f6kologisch und fair produzierte Produkte und denkt nachhaltig.<\/li>\n<\/ul>\n\n\n\n<div class=\"wp-block-media-text alignwide is-stacked-on-mobile\"><figure class=\"wp-block-media-text__media\"><img decoding=\"async\" src=\"https:\/\/xn--dunnkeil-3za.de\/wp-content\/uploads\/2020\/04\/Logo-915x1024.jpg\" alt=\"\" class=\"wp-image-74 size-full\"\/><\/figure><div class=\"wp-block-media-text__content\">\n<p class=\"has-large-font-size\">Logo runterladen<\/p>\n\n\n\n<h4 class=\"wp-block-heading\">farbig<\/h4>\n\n\n\n<ul class=\"wp-block-list\">\n<li><a href=\"https:\/\/xn--dunnkeil-3za.de\/wp-content\/uploads\/2020\/04\/Logo-1.jpg\">JPG<\/a><\/li>\n\n\n\n<li><a href=\"https:\/\/xn--dunnkeil-3za.de\/wp-content\/uploads\/2020\/04\/Logo.tif\">TIF<\/a><\/li>\n<\/ul>\n\n\n\n<h4 class=\"wp-block-heading\">schwarz-wei\u00df<\/h4>\n\n\n\n<ul class=\"wp-block-list\">\n<li><a href=\"https:\/\/xn--dunnkeil-3za.de\/wp-content\/uploads\/2020\/04\/Logo-sw.jpg\">JPG<\/a><\/li>\n\n\n\n<li><a href=\"https:\/\/xn--dunnkeil-3za.de\/wp-content\/uploads\/2020\/04\/Logo-sw.tif\">TIF<\/a><\/li>\n<\/ul>\n\n\n\n<h4 class=\"wp-block-heading\">Regenbogen<\/h4>\n\n\n\n<ul class=\"wp-block-list\">\n<li><a href=\"https:\/\/xn--dunnkeil-3za.de\/wp-content\/uploads\/2022\/03\/Aufkleber-Dunn\u00e4keil-Regenbogen.jpg\">JPG<\/a><\/li>\n\n\n\n<li><a href=\"https:\/\/xn--dunnkeil-3za.de\/wp-content\/uploads\/2022\/03\/Aufkleber-Dunn\u00e4keil-Regenbogen.pdf\">PDF<\/a><\/li>\n<\/ul>\n<\/div><\/div>\n\n\n\n<h2 class=\"wp-block-heading\">Was machen denn unsere Fans so mit unserem Logo?<\/h2>\n\n\n\n<figure class=\"wp-block-gallery has-nested-images columns-default is-cropped wp-block-gallery-1 is-layout-flex wp-block-gallery-is-layout-flex\">\n<figure class=\"wp-block-image size-large\"><img loading=\"lazy\" decoding=\"async\" width=\"1024\" height=\"759\" data-id=\"212\" src=\"https:\/\/xn--dunnkeil-3za.de\/wp-content\/uploads\/2022\/12\/Witts-Glitzer-T-Shirt-1024x759.jpg\" alt=\"\" class=\"wp-image-212\" srcset=\"https:\/\/xn--dunnkeil-3za.de\/wp-content\/uploads\/2022\/12\/Witts-Glitzer-T-Shirt-1024x759.jpg 1024w, https:\/\/xn--dunnkeil-3za.de\/wp-content\/uploads\/2022\/12\/Witts-Glitzer-T-Shirt-300x223.jpg 300w, https:\/\/xn--dunnkeil-3za.de\/wp-content\/uploads\/2022\/12\/Witts-Glitzer-T-Shirt-768x570.jpg 768w, https:\/\/xn--dunnkeil-3za.de\/wp-content\/uploads\/2022\/12\/Witts-Glitzer-T-Shirt.jpg 1440w\" sizes=\"auto, (max-width: 1024px) 100vw, 1024px\" \/><\/figure>\n\n\n\n<figure class=\"wp-block-image size-large\"><img loading=\"lazy\" decoding=\"async\" width=\"759\" height=\"1024\" data-id=\"211\" src=\"https:\/\/xn--dunnkeil-3za.de\/wp-content\/uploads\/2022\/12\/Thomas-Witt-2-759x1024.jpg\" alt=\"\" class=\"wp-image-211\" srcset=\"https:\/\/xn--dunnkeil-3za.de\/wp-content\/uploads\/2022\/12\/Thomas-Witt-2-759x1024.jpg 759w, https:\/\/xn--dunnkeil-3za.de\/wp-content\/uploads\/2022\/12\/Thomas-Witt-2-222x300.jpg 222w, https:\/\/xn--dunnkeil-3za.de\/wp-content\/uploads\/2022\/12\/Thomas-Witt-2-768x1036.jpg 768w, https:\/\/xn--dunnkeil-3za.de\/wp-content\/uploads\/2022\/12\/Thomas-Witt-2-1139x1536.jpg 1139w, https:\/\/xn--dunnkeil-3za.de\/wp-content\/uploads\/2022\/12\/Thomas-Witt-2-1518x2048.jpg 1518w, https:\/\/xn--dunnkeil-3za.de\/wp-content\/uploads\/2022\/12\/Thomas-Witt-2-scaled.jpg 1898w\" sizes=\"auto, (max-width: 759px) 100vw, 759px\" \/><\/figure>\n\n\n\n<figure class=\"wp-block-image size-large\"><img loading=\"lazy\" decoding=\"async\" width=\"768\" height=\"1024\" data-id=\"213\" src=\"https:\/\/xn--dunnkeil-3za.de\/wp-content\/uploads\/2022\/12\/Thermobecher-768x1024.jpeg\" alt=\"\" class=\"wp-image-213\" srcset=\"https:\/\/xn--dunnkeil-3za.de\/wp-content\/uploads\/2022\/12\/Thermobecher-768x1024.jpeg 768w, https:\/\/xn--dunnkeil-3za.de\/wp-content\/uploads\/2022\/12\/Thermobecher-225x300.jpeg 225w, https:\/\/xn--dunnkeil-3za.de\/wp-content\/uploads\/2022\/12\/Thermobecher-1152x1536.jpeg 1152w, https:\/\/xn--dunnkeil-3za.de\/wp-content\/uploads\/2022\/12\/Thermobecher.jpeg 1536w\" sizes=\"auto, (max-width: 768px) 100vw, 768px\" \/><\/figure>\n\n\n\n<figure class=\"wp-block-image size-large\"><img loading=\"lazy\" decoding=\"async\" width=\"1024\" height=\"1024\" data-id=\"214\" src=\"https:\/\/xn--dunnkeil-3za.de\/wp-content\/uploads\/2022\/12\/Tourdaten-1024x1024.jpg\" alt=\"\" class=\"wp-image-214\" srcset=\"https:\/\/xn--dunnkeil-3za.de\/wp-content\/uploads\/2022\/12\/Tourdaten-1024x1024.jpg 1024w, https:\/\/xn--dunnkeil-3za.de\/wp-content\/uploads\/2022\/12\/Tourdaten-300x300.jpg 300w, https:\/\/xn--dunnkeil-3za.de\/wp-content\/uploads\/2022\/12\/Tourdaten-150x150.jpg 150w, https:\/\/xn--dunnkeil-3za.de\/wp-content\/uploads\/2022\/12\/Tourdaten-768x768.jpg 768w, https:\/\/xn--dunnkeil-3za.de\/wp-content\/uploads\/2022\/12\/Tourdaten-100x100.jpg 100w, https:\/\/xn--dunnkeil-3za.de\/wp-content\/uploads\/2022\/12\/Tourdaten.jpg 1440w\" sizes=\"auto, (max-width: 1024px) 100vw, 1024px\" \/><\/figure>\n<\/figure>\n\n\n\n<h2 class=\"wp-block-heading\"><strong>Unser Freundebuch f\u00fcr Euch!<\/strong><\/h2>\n\n\n\n<p>Hier k\u00f6nnt Ihr unser Freundebuch runterladen, ausdrucken, ausf\u00fcllen und uns schicken.<br>Nat\u00fcrlich freuen wir uns auch \u00fcber digitale Zusendungen an kontakt@dunnaekeil<\/p>\n\n\n\n<p>Keine Sorge, Eure Seite bleibt bei uns und wir freuen uns einfach dran. Sie wird nat\u00fcrlich nicht ver\u00f6ffentlicht oder weiter gegeben.<br>Nat\u00fcrlich k\u00f6nnt Ihr die Seite auch einfach so f\u00fcr Euch ausf\u00fcllen.<br>Viel Spa\u00df damit!<br>Daniel, Max, Thomas, Stefan<\/p>\n\n\n\n<p><\/p>\n\n\n\n<div data-wp-interactive=\"core\/file\" class=\"wp-block-file\"><object data-wp-bind--hidden=\"!state.hasPdfPreview\" hidden class=\"wp-block-file__embed\" data=\"https:\/\/xn--dunnkeil-3za.de\/wp-content\/uploads\/2024\/04\/Freundebuch.pdf\" type=\"application\/pdf\" style=\"width:100%;height:600px\" aria-label=\"Einbettung von Freundebuch.\"><\/object><a id=\"wp-block-file--media-2fa85d22-6837-4f80-80bd-32ebbcf9de46\" href=\"https:\/\/xn--dunnkeil-3za.de\/wp-content\/uploads\/2024\/04\/Freundebuch.pdf\">Freundebuch<\/a><a href=\"https:\/\/xn--dunnkeil-3za.de\/wp-content\/uploads\/2024\/04\/Freundebuch.pdf\" class=\"wp-block-file__button wp-element-button\" download aria-describedby=\"wp-block-file--media-2fa85d22-6837-4f80-80bd-32ebbcf9de46\">Herunterladen<\/a><\/div>\n","protected":false},"excerpt":{"rendered":"<p>Unser Logo f\u00fcr Euch! Hier k\u00f6nnt Ihr unser Logo runterladen und es auf T-Shirts, Unterhosen, Klopapier, Schlafanz\u00fcge, R\u00fcckenaufn\u00e4her, Bettw\u00e4sche und was Euch sonst noch so einf\u00e4llt drucken oder sticken lassen. Zwei Bitten haben wir, wenn Ihr unser Logo verwendet, schlie\u00dflich steht dann ja unser Name drauf: Was machen denn unsere Fans so mit unserem Logo? [&hellip;]<\/p>\n","protected":false},"author":1,"featured_media":0,"parent":0,"menu_order":0,"comment_status":"closed","ping_status":"closed","template":"","meta":{"footnotes":""},"class_list":["post-68","page","type-page","status-publish","hentry"],"_links":{"self":[{"href":"https:\/\/xn--dunnkeil-3za.de\/index.php?rest_route=\/wp\/v2\/pages\/68","targetHints":{"allow":["GET"]}}],"collection":[{"href":"https:\/\/xn--dunnkeil-3za.de\/index.php?rest_route=\/wp\/v2\/pages"}],"about":[{"href":"https:\/\/xn--dunnkeil-3za.de\/index.php?rest_route=\/wp\/v2\/types\/page"}],"author":[{"embeddable":true,"href":"https:\/\/xn--dunnkeil-3za.de\/index.php?rest_route=\/wp\/v2\/users\/1"}],"replies":[{"embeddable":true,"href":"https:\/\/xn--dunnkeil-3za.de\/index.php?rest_route=%2Fwp%2Fv2%2Fcomments&post=68"}],"version-history":[{"count":13,"href":"https:\/\/xn--dunnkeil-3za.de\/index.php?rest_route=\/wp\/v2\/pages\/68\/revisions"}],"predecessor-version":[{"id":313,"href":"https:\/\/xn--dunnkeil-3za.de\/index.php?rest_route=\/wp\/v2\/pages\/68\/revisions\/313"}],"wp:attachment":[{"href":"https:\/\/xn--dunnkeil-3za.de\/index.php?rest_route=%2Fwp%2Fv2%2Fmedia&parent=68"}],"curies":[{"name":"wp","href":"https:\/\/api.w.org\/{rel}","templated":true}]}}